{"id":1174,"date":"2024-07-29T16:00:49","date_gmt":"2024-07-29T16:00:49","guid":{"rendered":"https:\/\/gsge.engineering\/?page_id=1174"},"modified":"2024-08-03T05:14:40","modified_gmt":"2024-08-03T05:14:40","slug":"neubau-von-3-mehrfamilienhaeusern-mit-tiefgarage-bauabschnitt-ii","status":"publish","type":"page","link":"https:\/\/gsge.engineering\/?page_id=1174","title":{"rendered":"Neubau von 3 Mehrfamilienh\u00e4usern mit Tiefgarage \u2013 Bauabschnitt II"},"content":{"rendered":"\t\t<div data-elementor-type=\"wp-page\" data-elementor-id=\"1174\" class=\"elementor elementor-1174\" data-elementor-post-type=\"page\">\n\t\t\t\t<div class=\"elementor-element elementor-element-11d2a675 e-flex e-con-boxed e-con e-parent\" data-id=\"11d2a675\" data-element_type=\"container\" data-e-type=\"container\" data-settings=\"{&quot;background_background&quot;:&quot;classic&quot;}\">\n\t\t\t\t\t<div class=\"e-con-inner\">\n\t\t<div class=\"elementor-element elementor-element-2033b020 e-con-full e-flex e-con e-child\" data-id=\"2033b020\" data-element_type=\"container\" data-e-type=\"container\" data-settings=\"{&quot;background_background&quot;:&quot;slideshow&quot;,&quot;background_slideshow_gallery&quot;:[{&quot;id&quot;:1178,&quot;url&quot;:&quot;https:\\\/\\\/gsge.engineering\\\/wp-content\\\/uploads\\\/2024\\\/07\\\/Ruhpolding_1-Kopie.webp&quot;},{&quot;id&quot;:1179,&quot;url&quot;:&quot;https:\\\/\\\/gsge.engineering\\\/wp-content\\\/uploads\\\/2024\\\/07\\\/Ruhpolding_2-Kopie.webp&quot;}],&quot;background_slideshow_loop&quot;:&quot;yes&quot;,&quot;background_slideshow_slide_duration&quot;:5000,&quot;background_slideshow_slide_transition&quot;:&quot;fade&quot;,&quot;background_slideshow_transition_duration&quot;:500}\">\n\t\t\t\t<\/div>\n\t\t\t\t\t<\/div>\n\t\t\t\t<\/div>\n\t\t<div class=\"elementor-element elementor-element-28b2669f e-flex e-con-boxed e-con e-parent\" data-id=\"28b2669f\" data-element_type=\"container\" data-e-type=\"container\">\n\t\t\t\t\t<div class=\"e-con-inner\">\n\t\t<div class=\"elementor-element elementor-element-4e741b3 e-con-full e-flex e-con e-child\" data-id=\"4e741b3\" data-element_type=\"container\" data-e-type=\"container\">\n\t\t\t\t<div class=\"elementor-element elementor-element-5e469c0c elementor-widget elementor-widget-heading\" data-id=\"5e469c0c\" data-element_type=\"widget\" data-e-type=\"widget\" data-widget_type=\"heading.default\">\n\t\t\t\t<div class=\"elementor-widget-container\">\n\t\t\t\t\t<h2 class=\"elementor-heading-title elementor-size-default\">Neubau von 3 Mehrfamilienh\u00e4usern mit Tiefgarage \u2013 Bauabschnitt II<\/h2>\t\t\t\t<\/div>\n\t\t\t\t<\/div>\n\t\t\t\t<div class=\"elementor-element elementor-element-72eff945 elementor-widget elementor-widget-text-editor\" data-id=\"72eff945\" data-element_type=\"widget\" data-e-type=\"widget\" data-widget_type=\"text-editor.default\">\n\t\t\t\t<div class=\"elementor-widget-container\">\n\t\t\t\t\t\t\t\t\t<p>F\u00fcr den Neubau des Mehrfamilienwohnhauses St. Georg 5-9 in Ruhpolding, welches in zwei Bauabschnitten gebaut wurde, war f\u00fcr den Bau des zweiten Bauabschnittes aufgrund der angetroffenen geologischen Situation ein wasserdichter Baugrubenverbau erforderlich. Der Verbau wurde als geschlossener abgedichteter Spundwandkasten ausgebildet. Bei dem Verbau handelte es sich um eine tempor\u00e4re Baugrubensicherungsma\u00dfnahme mit 1388 Quadratmeter Verbaufl\u00e4che und einer Fangedammkonstruktion im Bereich des Kranstandortes.<\/p>\t\t\t\t\t\t\t\t<\/div>\n\t\t\t\t<\/div>\n\t\t\t\t<div class=\"elementor-element elementor-element-242740ff elementor-widget elementor-widget-text-editor\" data-id=\"242740ff\" data-element_type=\"widget\" data-e-type=\"widget\" data-widget_type=\"text-editor.default\">\n\t\t\t\t<div class=\"elementor-widget-container\">\n\t\t\t\t\t\t\t\t\t<p><strong>Leistung:<\/strong><\/p><ul><li>Genehmigungsplanung LPH4 \u2013 Verbau und Gr\u00fcndung<\/li><li>Ausf\u00fchrungsplanung LPH5 \u2013 Verbau und Gr\u00fcndung<\/li><\/ul><p>\u00a0<\/p>\t\t\t\t\t\t\t\t<\/div>\n\t\t\t\t<\/div>\n\t\t\t\t<\/div>\n\t\t<div class=\"elementor-element elementor-element-52c9949d e-con-full e-flex e-con e-child\" data-id=\"52c9949d\" data-element_type=\"container\" data-e-type=\"container\">\n\t\t\t\t<div class=\"elementor-element elementor-element-3a8c8491 elementor-widget elementor-widget-heading\" data-id=\"3a8c8491\" data-element_type=\"widget\" data-e-type=\"widget\" data-widget_type=\"heading.default\">\n\t\t\t\t<div class=\"elementor-widget-container\">\n\t\t\t\t\t<h2 class=\"elementor-heading-title elementor-size-default\">Info<\/h2>\t\t\t\t<\/div>\n\t\t\t\t<\/div>\n\t\t\t\t<div class=\"elementor-element elementor-element-5c8903df elementor-widget elementor-widget-text-editor\" data-id=\"5c8903df\" data-element_type=\"widget\" data-e-type=\"widget\" data-widget_type=\"text-editor.default\">\n\t\t\t\t<div class=\"elementor-widget-container\">\n\t\t\t\t\t\t\t\t\t<p><strong>Bauherr:<\/strong><\/p><p>Kath. Siedlungswerk M\u00fcnchen GmbH<\/p><p>Adolf-Kolping-Stra\u00dfe 4<\/p><p>80336 M\u00fcnchen<\/p><p><strong>Ausf\u00fchrung:\u00a0\u00a0\u00a0\u00a0\u00a0\u00a0\u00a0\u00a0\u00a0\u00a0<\/strong><\/p><p>Franz Kassecker GmbH<\/p><p>Egerer Stra\u00dfe 36<\/p><p>96652 Waldsassen<\/p><p><strong>Ausf\u00fchrungszeitraum:\u00a0\u00a0\u00a0\u00a0\u00a0<\/strong><\/p><p>Sommer 2023<\/p><p><strong>Angaben zum Projekt: \u00a0\u00a0\u00a0\u00a0\u00a0\u00a0\u00a0\u00a0\u00a0\u00a0\u00a0\u00a0\u00a0<\/strong><\/p><p>1388m\u00b2 abgedichteter, geschlossener Spundwandkasten<\/p><p>10 St\u00fcck Zugstangen f\u00fcr Fangedammkonstruktion<\/p>\t\t\t\t\t\t\t\t<\/div>\n\t\t\t\t<\/div>\n\t\t\t\t<\/div>\n\t\t\t\t\t<\/div>\n\t\t\t\t<\/div>\n\t\t\t\t<\/div>\n\t\t","protected":false},"excerpt":{"rendered":"<p>Neubau von 3 Mehrfamilienh\u00e4usern mit Tiefgarage \u2013 Bauabschnitt II F\u00fcr den Neubau des Mehrfamilienwohnhauses St. Georg 5-9 in Ruhpolding, welches in zwei Bauabschnitten gebaut wurde, war f\u00fcr den Bau des zweiten Bauabschnittes aufgrund der angetroffenen geologischen Situation ein wasserdichter Baugrubenverbau erforderlich. Der Verbau wurde als geschlossener abgedichteter Spundwandkasten ausgebildet. Bei dem Verbau handelte es sich [&hellip;]<\/p>\n","protected":false},"author":1,"featured_media":0,"parent":0,"menu_order":0,"comment_status":"closed","ping_status":"closed","template":"","meta":{"footnotes":""},"class_list":["post-1174","page","type-page","status-publish","hentry"],"yoast_head":"<!-- This site is optimized with the Yoast SEO plugin v27.4 - https:\/\/yoast.com\/product\/yoast-seo-wordpress\/ -->\n<title>Neubau von 3 Mehrfamilienh\u00e4usern mit Tiefgarage \u2013 Bauabschnitt II - GSGE<\/title>\n<meta name=\"robots\" content=\"index, follow, max-snippet:-1, max-image-preview:large, max-video-preview:-1\" \/>\n<link rel=\"canonical\" href=\"https:\/\/gsge.engineering\/?page_id=1174\" \/>\n<meta property=\"og:locale\" content=\"de_DE\" \/>\n<meta property=\"og:type\" content=\"article\" \/>\n<meta property=\"og:title\" content=\"Neubau von 3 Mehrfamilienh\u00e4usern mit Tiefgarage \u2013 Bauabschnitt II - GSGE\" \/>\n<meta property=\"og:description\" content=\"Neubau von 3 Mehrfamilienh\u00e4usern mit Tiefgarage \u2013 Bauabschnitt II F\u00fcr den Neubau des Mehrfamilienwohnhauses St. Georg 5-9 in Ruhpolding, welches in zwei Bauabschnitten gebaut wurde, war f\u00fcr den Bau des zweiten Bauabschnittes aufgrund der angetroffenen geologischen Situation ein wasserdichter Baugrubenverbau erforderlich. Der Verbau wurde als geschlossener abgedichteter Spundwandkasten ausgebildet. Bei dem Verbau handelte es sich [&hellip;]\" \/>\n<meta property=\"og:url\" content=\"https:\/\/gsge.engineering\/?page_id=1174\" \/>\n<meta property=\"og:site_name\" content=\"GSGE\" \/>\n<meta property=\"article:modified_time\" content=\"2024-08-03T05:14:40+00:00\" \/>\n<meta name=\"twitter:card\" content=\"summary_large_image\" \/>\n<meta name=\"twitter:label1\" content=\"Gesch\u00e4tzte Lesezeit\" \/>\n\t<meta name=\"twitter:data1\" content=\"1\u00a0Minute\" \/>\n<script type=\"application\/ld+json\" class=\"yoast-schema-graph\">{\"@context\":\"https:\\\/\\\/schema.org\",\"@graph\":[{\"@type\":\"WebPage\",\"@id\":\"https:\\\/\\\/gsge.engineering\\\/?page_id=1174\",\"url\":\"https:\\\/\\\/gsge.engineering\\\/?page_id=1174\",\"name\":\"Neubau von 3 Mehrfamilienh\u00e4usern mit Tiefgarage \u2013 Bauabschnitt II - GSGE\",\"isPartOf\":{\"@id\":\"https:\\\/\\\/gsge.engineering\\\/#website\"},\"datePublished\":\"2024-07-29T16:00:49+00:00\",\"dateModified\":\"2024-08-03T05:14:40+00:00\",\"breadcrumb\":{\"@id\":\"https:\\\/\\\/gsge.engineering\\\/?page_id=1174#breadcrumb\"},\"inLanguage\":\"de\",\"potentialAction\":[{\"@type\":\"ReadAction\",\"target\":[\"https:\\\/\\\/gsge.engineering\\\/?page_id=1174\"]}]},{\"@type\":\"BreadcrumbList\",\"@id\":\"https:\\\/\\\/gsge.engineering\\\/?page_id=1174#breadcrumb\",\"itemListElement\":[{\"@type\":\"ListItem\",\"position\":1,\"name\":\"Startseite\",\"item\":\"https:\\\/\\\/gsge.engineering\\\/\"},{\"@type\":\"ListItem\",\"position\":2,\"name\":\"Neubau von 3 Mehrfamilienh\u00e4usern mit Tiefgarage \u2013 Bauabschnitt II\"}]},{\"@type\":\"WebSite\",\"@id\":\"https:\\\/\\\/gsge.engineering\\\/#website\",\"url\":\"https:\\\/\\\/gsge.engineering\\\/\",\"name\":\"GSGE\",\"description\":\"smart ground engineering\",\"publisher\":{\"@id\":\"https:\\\/\\\/gsge.engineering\\\/#organization\"},\"potentialAction\":[{\"@type\":\"SearchAction\",\"target\":{\"@type\":\"EntryPoint\",\"urlTemplate\":\"https:\\\/\\\/gsge.engineering\\\/?s={search_term_string}\"},\"query-input\":{\"@type\":\"PropertyValueSpecification\",\"valueRequired\":true,\"valueName\":\"search_term_string\"}}],\"inLanguage\":\"de\"},{\"@type\":\"Organization\",\"@id\":\"https:\\\/\\\/gsge.engineering\\\/#organization\",\"name\":\"GSGE\",\"url\":\"https:\\\/\\\/gsge.engineering\\\/\",\"logo\":{\"@type\":\"ImageObject\",\"inLanguage\":\"de\",\"@id\":\"https:\\\/\\\/gsge.engineering\\\/#\\\/schema\\\/logo\\\/image\\\/\",\"url\":\"https:\\\/\\\/gsge.engineering\\\/wp-content\\\/uploads\\\/2024\\\/07\\\/Logo_final.png\",\"contentUrl\":\"https:\\\/\\\/gsge.engineering\\\/wp-content\\\/uploads\\\/2024\\\/07\\\/Logo_final.png\",\"width\":3100,\"height\":905,\"caption\":\"GSGE\"},\"image\":{\"@id\":\"https:\\\/\\\/gsge.engineering\\\/#\\\/schema\\\/logo\\\/image\\\/\"},\"sameAs\":[\"https:\\\/\\\/www.instagram.com\\\/gsge_gmbh\\\/\"]}]}<\/script>\n<!-- \/ Yoast SEO plugin. -->","yoast_head_json":{"title":"Neubau von 3 Mehrfamilienh\u00e4usern mit Tiefgarage \u2013 Bauabschnitt II - GSGE","robots":{"index":"index","follow":"follow","max-snippet":"max-snippet:-1","max-image-preview":"max-image-preview:large","max-video-preview":"max-video-preview:-1"},"canonical":"https:\/\/gsge.engineering\/?page_id=1174","og_locale":"de_DE","og_type":"article","og_title":"Neubau von 3 Mehrfamilienh\u00e4usern mit Tiefgarage \u2013 Bauabschnitt II - GSGE","og_description":"Neubau von 3 Mehrfamilienh\u00e4usern mit Tiefgarage \u2013 Bauabschnitt II F\u00fcr den Neubau des Mehrfamilienwohnhauses St. Georg 5-9 in Ruhpolding, welches in zwei Bauabschnitten gebaut wurde, war f\u00fcr den Bau des zweiten Bauabschnittes aufgrund der angetroffenen geologischen Situation ein wasserdichter Baugrubenverbau erforderlich. Der Verbau wurde als geschlossener abgedichteter Spundwandkasten ausgebildet. Bei dem Verbau handelte es sich [&hellip;]","og_url":"https:\/\/gsge.engineering\/?page_id=1174","og_site_name":"GSGE","article_modified_time":"2024-08-03T05:14:40+00:00","twitter_card":"summary_large_image","twitter_misc":{"Gesch\u00e4tzte Lesezeit":"1\u00a0Minute"},"schema":{"@context":"https:\/\/schema.org","@graph":[{"@type":"WebPage","@id":"https:\/\/gsge.engineering\/?page_id=1174","url":"https:\/\/gsge.engineering\/?page_id=1174","name":"Neubau von 3 Mehrfamilienh\u00e4usern mit Tiefgarage \u2013 Bauabschnitt II - GSGE","isPartOf":{"@id":"https:\/\/gsge.engineering\/#website"},"datePublished":"2024-07-29T16:00:49+00:00","dateModified":"2024-08-03T05:14:40+00:00","breadcrumb":{"@id":"https:\/\/gsge.engineering\/?page_id=1174#breadcrumb"},"inLanguage":"de","potentialAction":[{"@type":"ReadAction","target":["https:\/\/gsge.engineering\/?page_id=1174"]}]},{"@type":"BreadcrumbList","@id":"https:\/\/gsge.engineering\/?page_id=1174#breadcrumb","itemListElement":[{"@type":"ListItem","position":1,"name":"Startseite","item":"https:\/\/gsge.engineering\/"},{"@type":"ListItem","position":2,"name":"Neubau von 3 Mehrfamilienh\u00e4usern mit Tiefgarage \u2013 Bauabschnitt II"}]},{"@type":"WebSite","@id":"https:\/\/gsge.engineering\/#website","url":"https:\/\/gsge.engineering\/","name":"GSGE","description":"smart ground engineering","publisher":{"@id":"https:\/\/gsge.engineering\/#organization"},"potentialAction":[{"@type":"SearchAction","target":{"@type":"EntryPoint","urlTemplate":"https:\/\/gsge.engineering\/?s={search_term_string}"},"query-input":{"@type":"PropertyValueSpecification","valueRequired":true,"valueName":"search_term_string"}}],"inLanguage":"de"},{"@type":"Organization","@id":"https:\/\/gsge.engineering\/#organization","name":"GSGE","url":"https:\/\/gsge.engineering\/","logo":{"@type":"ImageObject","inLanguage":"de","@id":"https:\/\/gsge.engineering\/#\/schema\/logo\/image\/","url":"https:\/\/gsge.engineering\/wp-content\/uploads\/2024\/07\/Logo_final.png","contentUrl":"https:\/\/gsge.engineering\/wp-content\/uploads\/2024\/07\/Logo_final.png","width":3100,"height":905,"caption":"GSGE"},"image":{"@id":"https:\/\/gsge.engineering\/#\/schema\/logo\/image\/"},"sameAs":["https:\/\/www.instagram.com\/gsge_gmbh\/"]}]}},"_links":{"self":[{"href":"https:\/\/gsge.engineering\/index.php?rest_route=\/wp\/v2\/pages\/1174","targetHints":{"allow":["GET"]}}],"collection":[{"href":"https:\/\/gsge.engineering\/index.php?rest_route=\/wp\/v2\/pages"}],"about":[{"href":"https:\/\/gsge.engineering\/index.php?rest_route=\/wp\/v2\/types\/page"}],"author":[{"embeddable":true,"href":"https:\/\/gsge.engineering\/index.php?rest_route=\/wp\/v2\/users\/1"}],"replies":[{"embeddable":true,"href":"https:\/\/gsge.engineering\/index.php?rest_route=%2Fwp%2Fv2%2Fcomments&post=1174"}],"version-history":[{"count":7,"href":"https:\/\/gsge.engineering\/index.php?rest_route=\/wp\/v2\/pages\/1174\/revisions"}],"predecessor-version":[{"id":1324,"href":"https:\/\/gsge.engineering\/index.php?rest_route=\/wp\/v2\/pages\/1174\/revisions\/1324"}],"wp:attachment":[{"href":"https:\/\/gsge.engineering\/index.php?rest_route=%2Fwp%2Fv2%2Fmedia&parent=1174"}],"curies":[{"name":"wp","href":"https:\/\/api.w.org\/{rel}","templated":true}]}}